d by 309.
16
What is the remainder when 629 is divided by 210?
209
What is the remainder when 78 is divided by 19?
2
What is the remainder when 707 is divided by 123?
92
What is the remainder when 155 is divided by 146?
9
What is the remainder when 145 is divided by 53?
39
Calculate the remainder when 1869 is divided by 10.
9
Calculate the remainder when 178 is divided by 90.
88
What is the remainder when 2144 is divided by 113?
110
What is the remainder when 87 is divided by 31?
25
What is the remainder when 245 is divided by 123?
122
What is the remainder when 1144 is divided by 294?
262
Calculate the remainder when 358 is divided by 20.
18
What is the remainder when 68 is divided by 12?
8
Calculate the remainder when 49 is divided by 47.
2
What is the remainder when 81 is divided by 33?
15
What is the remainder when 348 is divided by 13?
10
Calculate the remainder when 9276 is divided by 1853.
11
Calculate the remainder when 129 is divided by 44.
41
Calculate the remainder when 7295 is divided by 192.
191
Calculate the remainder when 219 is divided by 33.
21
What is the remainder when 216 is divided by 67?
15
What is the remainder when 73 is divided by 21?
10
What is the remainder when 27791 is divided by 36?
35
What is the remainder when 150 is divided by 68?
14
Calculate the remainder when 94 is divided by 2.
0
What is the remainder when 413 is divided by 5?
3
Calculate the remainder when 1335 is divided by 20.
15
What is the remainder when 203 is divided by 23?
19
Calculate the remainder when 179 is divided by 26.
23
What is the remainder when 185 is divided by 177?
8
What is the remainder when 113 is divided by 100?
13
What is the remainder when 70 is divided by 12?
10
What is the remainder when 3898 is divided by 26?
24
What is the remainder when 741 is divided by 49?
6
Calculate the remainder when 11568 is divided by 19.
16
Calculate the remainder when 571 is divided by 13.
12
Calculate the remainder when 1229 is divided by 555.
119
Calculate the remainder when 117 is divided by 21.
12
Calculate the remainder when 593 is divided by 179.
56
What is the remainder when 352 is divided by 21?
16
What is the remainder when 753 is divided by 54?
51
What is the remainder when 321 is divided by 113?
95
Calculate the remainder when 1156 is divided by 351.
103
What is the remainder when 931 is divided by 327?
277
Calculate the remainder when 328 is divided by 34.
22
What is the remainder when 4554 is divided by 7?
4
What is the remainder when 146 is divided by 50?
46
What is the remainder when 183 is divided by 40?
23
What is the remainder when 120 is divided by 21?
15
Calculate the remainder when 169 is divided by 57.
55
Calculate the remainder when 133 is divided by 58.
17
What is the remainder when 451 is divided by 124?
79
What is the remainder when 2494 is divided by 17?
12
Calculate the remainder when 908 is divided by 26.
24
What is the remainder when 747 is divided by 30?
27
What is the remainder when 558 is divided by 441?
117
What is the remainder when 184 is divided by 7?
2
What is the remainder when 961 is divided by 21?
16
Calculate the remainder when 2108 is divided by 302.
296
Calculate the remainder when 702 is divided by 7.
2
What is the remainder when 1919 is divided by 62?
59
What is the remainder when 1878 is divided by 47?
45
Calculate the remainder when 9015 is divided by 127.
125
Calculate the remainder when 135 is divided by 20.
15
What is the remainder when 10081 is divided by 142?
141
What is the remainder when 1067 is divided by 12?
11
Calculate the remainder when 971 is divided by 28.
19
Calculate the remainder when 17 is divided by 10.
7
What is the remainder when 103 is divided by 88?
15
Calculate the remainder when 581 is divided by 194.
193
What is the remainder when 822 is divided by 139?
127
What is the remainder when 202 is divided by 104?
98
Calculate the remainder when 248 is divided by 83.
82
What is the remainder when 56 is divided by 14?
0
What is the remainder when 99 is divided by 31?
6
Calculate the remainder when 290 is divided by 54.
20
Calculate the remainder when 316 is divided by 58.
26
What is the remainder when 407 is divided by 4?
3
Calculate the remainder when 437 is divided by 22.
19
Calculate the remainder when 6921 is divided by 1152.
9
What is the remainder when 1453 is divided by 19?
9
What is the remainder when 22832 is divided by 11?
7
Calculate the remainder when 59045 is divided by 122.
119
Calculate the remainder when 152 is divided by 47.
11
Calculate the remainder when 4589 is divided by 16.
13
Calculate the remainder when 459 is divided by 152.
3
Calculate the remainder when 1609 is divided by 29.
14
Calculate the remainder when 32 is divided by 7.
4
Calculate the remainder when 32 is divided by 24.
8
Calculate the remainder when 43 is divided by 24.
19
What is the remainder when 299 is divided by 75?
74
Calculate the remainder when 1098 is divided by 55.
53
Calculate the remainder when 137 is divided by 21.
11
What is the remainder when 2050 is divided by 409?
5
Calculate the remainder when 21 is divided by 13.
8
Calculate the remainder when 515 is divided by 43.
42
Calculate the remainder when 1106 is divided by 41.
40
Calculate the remainder when 3188 is divided by 14.
10
Calculate the remainder when 5428 is divided by 61.
60
What is the remainder when 1928 is divided by 80?
8
Calculate the remainder when 53 is divided by 5.
3
What is the remainder when 85 is divided by 82?
3
Calculate the remainder when 128 is divided by 50.
28
What is the remainder when 4028 is divided by 48?
44
What is the remainder when 329 is divided by 54?
5
What is the remainder when 513 is divided by 271?
242
What is the remainder when 6031 is divided by 12?
7
Calculate the remainder when 233 is divided by 13.
12
Calculate the remainder when 423 is divided by 33.
27
Calculate the remainder when 927 is divided by 116.
115
Calculate the remainder when 2859 is divided by 9.
6
Calculate the remainder when 74 is divided by 26.
22
What is the remainder when 257 is divided by 75?
32
What is the remainder when 138 is divided by 10?
8
Calculate the remainder when 591 is divided by 24.
15
What is the remainder when 235 is divided by 4?
3
What is the remainder when 651 is divided by 167?
150
Calculate the remainder when 636 is divided by 20.
16
Calculate the remainder when 367 is divided by 16.
15
Calculate the remainder when 177 is divided by 26.
21
Calculate the remainder when 1035 is divided by 149.
141
Calculate the remainder when 146 is divided by 52.
42
What is the remainder when 3364 is divided by 37?
34
What is the remainder when 155 is divided by 5?
0
What is the remainder when 1268 is divided by 214?
198
What is the remainder when 2754 is divided by 13?
11
Calculate the remainder when 981 is divided by 47.
41
What is the remainder when 824 is divided by 340?
144
Calculate the remainder when 1316 is divided by 253.
51
Calculate the remainder when 107 is divided by 55.
52
What is the remainder when 296 is divided by 13?
10
What is the remainder when 1985 is divided by 142?
139
Calculate the remainder when 1096 is divided by 264.
40
What is the remainder when 257 is divided by 254?
3
Calculate the remainder when 62 is divided by 32.
30
Calculate the remainder when 435 is divided by 73.
70
Calculate the remainder when 132 is divided by 83.
49
What is the remainder when 102 is divided by 3?
0
Calculate the remainder when 117 is divided by 12.
9
What is the remainder when 77 is divided by 48?
29
Calculate the remainder when 208 is divided by 18.
10
What is the remainder when 36 is divided by 11?
3
Calculate the remainder when 43 is divided by 10.
3
Calculate the remainder when 54 is divided by 19.
16
Calculate the remainder when 550 is divided by 179.
13
Calculate the remainder when 764 is divided by 762.
2
Calculate the remainder when 1639 is divided by 279.
244
Calculate the remainder when 388 is divided by 127.
7
Calculate the remainder when 3464 is divided by 45.
44
What is the remainder when 538 is divided by 2?
0
Calculate the remainder when 2671 is divided by 70.
11
What is the remainder when 166 is divided by 77?
12
Calculate the remainder when 930 is divided by 465.
0
Calculate the remainder when 